at is the greatest common divisor of n and 50?
10
Let u(k) = -19*k - 1. Let d be (-2)/3*(-3)/(-2). Let s be u(d). Suppose 3*o - s = -3. What is the greatest common factor of 25 and o?
5
Let w(z) = -z**3 + 5*z**2 + 2*z + 3. Let j be w(5). Let b = -4 - -30. What is the greatest common divisor of j and b?
13
Let x(i) = -i**2 + 20*i + 3. Let k be x(9). Suppose 3*n = -0*n - 3*r + 75, -4*n - 2*r + k = 0. Calculate the highest common divisor of n and 13.
13
Suppose 250 = 7*o - 2*o. Calculate the greatest common divisor of o and 20.
10
Suppose -8*v = -3*v - 75. Calculate the highest common factor of v and 9.
3
Let y = 7 + -4. Let z be (-6)/12 - (-31)/2. What is the greatest common factor of y and z?
3
Let u(h) = 3*h**3 - h**2 - 2*h - 3. Let t be u(-2). Let j = t - -72. Calculate the highest common factor of 5 and j.
5
Let y(s) = s**3 - 4*s**2 + s. Let n be y(5). Suppose -j = -3*j. Suppose j = v + 3*v - 24. Calculate the greatest common divisor of v and n.
6
Let c be 3/(-2 - (-29)/14). Calculate the greatest common divisor of c and 336.
42
Suppose -w + 6 = -0*w. Let n be (-6 + 0)/((-5)/15). What is the highest common factor of n and w?
6
Suppose 9 = y + 2*y. Suppose -3*s = 2*s - 30. Suppose -90 = y*c - s*c. What is the greatest common factor of c and 15?
15
Suppose 2*y - 3*y + 36 = 0. Let h be (-5)/((-210)/3784) + (-140)/1470. What is the highest common divisor of y and h?
18
Suppose 5*t - 79 = 26. Let g be (4/(-3))/(6/(-9)). Suppose -17 = -4*m + 3*c + 2, -g*c - 22 = -4*m. What is the highest common factor of t and m?
7
Let m = 19 - 41. Let l(b) = -2*b - 2. Let z be l(-6). Let t be z/((-4)/m + 0). Calculate the highest common divisor of t and 11.
11
Suppose -t + 15 = 4. What is the highest common divisor of t and 88?
11
Let v(s) = 21*s**3 + 2*s - 1. Let o be v(1). Suppose 0 = 3*c + 3*y + 2*y - 66, c - o = y. What is the highest common factor of 88 and c?
22
Let r(b) = b**2 - b + 2. Let i be r(0). Let f(m) = m**2 - 1. Let j be f(i). What is the greatest common factor of 12 and j?
3
Let o = 8 + -6. Let q be (-5 + -3)*(-5 + -3 + 7). What is the greatest common divisor of q and o?
2
Let d = 192 - 104. What is the greatest common divisor of 8 and d?
8
Suppose 2*k + 185 = 3*d, -5*k + 5*d - 210 = 260. Let f = -69 - k. Calculate the highest common factor of 70 and f.
14
Let t be 142/6 + (-3)/(-9). Calculate the highest common factor of 12 and t.
12
Let v = 44 - 40. Let p(q) = 4*q + 4. Let h be p(3). Suppose 5*z = -a + h, v*z = 3*a + a - 16. What is the highest common divisor of 18 and a?
6
Let s be (7 + -4)/(-3) - -3. What is the highest common divisor of s and 2?
2
Let g = 24 - 18. Suppose -16 = -g*p - 4. Calculate the greatest common factor of p and 16.
2
Let o be (2/3)/(6/144). Suppose 2*g = 2*n + 8, -5 = 3*g - 17. Suppose 5*j - 10 = -n*j. What is the greatest common divisor of o and j?
2
Let d = 60 - 39. What is the greatest common divisor of d and 7?
7
Suppose 0 = -6*y + 95 - 17. What is the greatest common factor of y and 247?
13
Let f = -102 + 146. Suppose f + 44 = o. Let s = -18 - -26. What is the greatest common factor of o and s?
8
Let o be 221 - (-1 - (-3 + 1)). Suppose 0*y + o = 5*y. Let m be (7/2 - 4)/((-1)/8). Calculate the highest common factor of m and y.
4
Suppose -8 = 4*p, -5*i - p - p = -1206. Suppose 3*w + t - 69 = -0*t, 100 = 4*w + 4*t. Calculate the highest common factor of w and i.
22
Let j be (276/10)/(15/50). What is the highest common divisor of 23 and j?
23
Let a be 114/(-1)*(-1)/2. Let y be 36 - (2*-2 - -2). What is the greatest common factor of y and a?
19
Let n(g) = 4*g - 2. Let c be n(3). Let o = -5 + 20. What is the greatest common factor of c and o?
5
Suppose -5*u + 3*h = -140, 4*u + 80 = 7*u - h. Let v = u + -10. Calculate the highest common factor of v and 45.
15
Let p be 73/4 - (-2)/(-8). Let v be (-3)/(p/(-75))*6. Calculate the highest common divisor of v and 15.
15
Suppose 0 = 4*d + 2*x - 12, 0*d + 6 = 2*d - 3*x. Let n = -59 - -80. What is the highest common divisor of n and d?
3
Let n(p) = -p - 3. Let b be n(-3). Suppose -4*v + 11 + 1 = b. Suppose -v*g = -o + 21, 4*g - 60 = -2*o + g. Calculate the greatest common divisor of 3 and o.
3
Let i be 4/(-18) - (-40)/18. Suppose 5*p - 2*p - 30 = 0. What is the greatest common divisor of p and i?
2
Let c(k) = -29*k**3 + k + 1. Let r be c(-1). Calculate the greatest common factor of r and 174.
29
Suppose 2*k = 5*n + 69, 4*k + 2*n + n - 125 = 0. Let l = -63 + 67. What is the greatest common divisor of k and l?
4
Suppose -227*s + 12 = -226*s. What is the highest common factor of 54 and s?
6
Suppose -878 = -4*k - c, 378 = 3*k - 5*c - 292. Let d be 4*-1*(-3 - -2). Let l be (15/d)/((-30)/(-160)). What is the greatest common factor of l and k?
20
Let k be 25/2 + (-2)/4. Suppose 12 = 4*o - 0. Let b be (24/5)/(o/60). What is the highest common divisor of k and b?
12
Suppose 74 = 5*a - 3*z, a + 5*z - 11 = 15. Suppose -376 = -2*w - 88. Calculate the greatest common divisor of a and w.
16
Suppose y = -5*d - y + 64, -5*d + 61 = 3*y. Calculate the highest common divisor of 70 and d.
14
Let f be (9/6)/3*20*3. What is the highest common factor of f and 12?
6
Let r = -19 + 32. Suppose 15 = -3*z, 3*z = -d + 1 - r. Suppose -d*p + 0 = -18. Calculate the greatest common factor of 42 and p.
6
Suppose 72 + 126 = 3*r. Calculate the greatest common divisor of r and 44.
22
Let q be 6/(-39) + 3005/13. Let y be (40 - (1 + -3))/2. Calculate the greatest common factor of q and y.
21
Let r = 12 - -42. What is the highest common factor of 6 and r?
6
Let r(j) = 4*j - 20. Let k be r(6). What is the greatest common factor of 12 and k?
4
Suppose 3 = k - 6. Let t be 8/(-6)*18*(-3)/24. What is the greatest common factor of k and t?
3
Let r be -2*(-4)/(-8)*-1. Calculate the highest common factor of 13 and r.
1
Suppose -305 = -5*g + 5*h, 8*h + 207 = 3*g + 13*h. What is the greatest common factor of g and 160?
32
Suppose -5*j + 48 = -4*j. What is the greatest common divisor of 12 and j?
12
Let m = -33 + 80. Suppose 0 = -p + m + 23. Let h = -43 - -71. What is the highest common factor of h and p?
14
Let h be (6 - 3)*19/3. Suppose -3*v + h - 1 = 0. Let d = -15 + 69. Calculate the highest common factor of v and d.
6
Let s(m) = 3*m**3 + 2*m**2 - 2*m + 1. Suppose -n + 1 = -0. Let t be s(n). Let r = 1 + 3. Calculate the greatest common divisor of t and r.
4
Suppose 0 = -5*q + 15, -3*j + 9 = q - 21. Let w(x) = 8*x + 3. Let d be w(4). Suppose j - d = -i. Calculate the greatest common divisor of i and 39.
13
Let i = -1 - -3. What is the highest common divisor of i and 6?
2
Suppose -4*g = -8*g + 96. What is the greatest common divisor of 3 and g?
3
Let y(r) = -2*r. Let l be y(-4). Suppose 4*c = -l, 5*i = -0*c + 2*c + 174. Suppose -x - x = -i. What is the greatest common factor of x and 119?
17
Let b be (12/9)/(2/(-9)). Let i = b + 13. What is the greatest common factor of 77 and i?
7
Suppose -1029 = 4*z - 3081. Calculate the highest common factor of 57 and z.
57
Suppose 4*x - 159 = p, 0*x + 2*x = -5*p + 85. What is the greatest common factor of 100 and x?
20
Let o(f) = -f**3 - f**2 + 7*f - 2. Let x be o(-5). Suppose 15 - x = -3*u. Calculate the greatest common factor of u and 4.
4
Let k be 5/(-2)*-28 + 0. Calculate the greatest common factor of 7 and k.
7
Let j(o) = o**2 - 2*o - 1. Let z be j(-3). Suppose -5*h + 119 = b + 13, -h = 3*b - 24. What is the highest common divisor of h and z?
7
Suppose 0 = 4*c - 2*c - 12. Let q(t) = t**3 - 4*t**2 + 7*t - 4. Let n be q(c). Calculate the highest common factor of n and 10.
10
Let k be (-7)/(-2)*(2 + 0). Let z = 13 - k. Let t be ((-2)/z)/(1/(-12)). What is the greatest common factor of t and 32?
4
Let x be 36/10*10/3. Suppose -2*f + 84 = -164. Suppose 5*y = 6*w - 3*w - f, -4*y = w - 64. What is the greatest common divisor of x and w?
12
Let o be (-16)/(-6)*(-6)/4. Let m(d) = d**2 + d - 1. Let i be m(o). Calculate the greatest common factor of 99 and i.
11
Let x be ((-5)/30)/(2/3)*-44. Calculate the greatest common factor of 110 and x.
11
Suppose 95 = o + 14. Suppose 3*n - 4 = 2, o = 3*b + 3*n. What is the highest common divisor of 5 and b?
5
Let y = 95 - 64. Let x = -3 + y. Calculate the greatest common factor of x and 14.
14
Let l(z) = -z**3 - 3*z**2 - 2*z - 2. Let x be l(-3). Suppose